*n**6/120 - n**5/60 - 3*n**2. What is k(j)?
-8
Let q(h) = h**3 - 2*h**2 - 2*h - 3. Let o be (0 + 6)/(6/4). Suppose 6*a - o*a - 5*x = -9, 5*a + 3*x = 24. Give q(a).
0
Let g(k) = k**3 + 1. Let c be g(0). Suppose 2*x - x = -c. Let l be (2 + x)/(-2)*-2. Let y(t) = -4*t. Determine y(l).
-4
Let f be ((-1)/(-3) - (-46)/6)/2. Let a(i) = 2*i - 3. Calculate a(f).
5
Let w(y) = -3 - y + 4*y + 1237*y**3 - 1238*y**3 + y + 2*y**2. Give w(3).
0
Let m = 15 - 6. Let j be 3 + (-3 + m)*-1. Let w(s) = s**2 + s. Calculate w(j).
6
Let s(o) = o + 2. Let q(i) = -i - 10. Suppose 0 = 5*t + 4*k + 55, -3*t + 6*t + 16 = k. Let j be q(t). Calculate s(j).
-1
Suppose -3*r + 2*r = 2, 0 = -2*j - 4*r. Let h(s) be the second derivative of 0 - 3*s - 1/6*s**3 - 5/2*s**2. Give h(j).
-9
Let f(c) = -2*c**2 + 4*c - 3. Let v be (1 + -4)/(3/(-2)). Suppose 0*l + 4 = -v*l, -2*l + 4 = 2*y. Let b be 0 - -1 - (-4)/y. Calculate f(b).
-3
Let c(w) = -5*w**2 - 15*w - 9. Let n(a) = 9*a**2 + 29*a + 18. Let i(v) = 7*c(v) + 4*n(v). Determine i(-9).
-9
Let v = 44 - 45. Let g(z) be the third derivative of z**6/120 + z**5/30 + z**4/24 + z**2. Calculate g(v).
0
Let d = 45 + -51. Let r(z) = -z**3 - 6*z**2 - 4*z - 9. Calculate r(d).
15
Let j(d) = -5*d**2 + 5*d - 2. Let v(k) = -14*k**2 + 15*k - 5. Let z(c) = 11*j(c) - 4*v(c). Give z(4).
-6
Let n(k) be the first derivative of -k**6/120 + k**5/60 + k**3/6 + 2*k**2 - 3. Let r(w) be the second derivative of n(w). Determine r(0).
1
Suppose 0 = 3*h - 33 + 24. Let j(n) = -n**2 + 2*n - 4. Give j(h).
-7
Let a(b) = -b**2 + 2*b + 4. Let s be a(4). Let o be 32/14 + s/14. Suppose n - 2 = z, -20 = o*n - z + 5*z. Let w(k) = -2*k**2 - 2*k + 2. What is w(n)?
-2
Let d(b) = -b + 9. Suppose 3*c - 3*h = -9, -5*c = -h + 3 - 0. Let p = 0 - c. What is d(p)?
9
Let b(l) be the first derivative of -l**4/8 - l**2/2 + 3. Let u(z) be the second derivative of b(z). What is u(-1)?
3
Let f(l) = -7*l**2 + 14*l - 15. Let d(g) = -4*g**2 + 7*g - 8. Let s(y) = 5*d(y) - 3*f(y). Calculate s(7).
5
Let a(u) = -u. Suppose -c - 3*n + 7 = 0, -5*c + 28 = -c - 4*n. Let g = -5 + c. Determine a(g).
-2
Let h(j) be the second derivative of -j**4/12 + j**3/3 - j**2/2 - 3*j. Determine h(2).
-1
Let u(t) = t**3 + 3*t**2 - 4*t - 3. Let i = -8 - -5. Let r be u(i). Let b = r - 5. Let q(n) = n**2 - 2*n - 4. What is q(b)?
4
Let d(r) = -11*r**3 - 8*r**2 + 15*r + 17. Let q(a) = -5*a**3 - 4*a**2 + 7*a + 8. Let h(u) = -4*d(u) + 9*q(u). Determine h(-4).
-8
Let x(n) = n**2 + n + 3. Suppose 0 = 4*p - c + 34, 0 = -3*c + c + 4. Let y = p - -5. Let w be (y - -3)*(-2)/(-4). What is x(w)?
3
Suppose 0 = 4*z - 3*c + 8, -5*z - 3*c - 3 - 7 = 0. Let m(f) be the first derivative of 2*f**3/3 + f - 21. Determine m(z).
9
Suppose 0*o - 5*o = -90. Suppose -5*k + o = 4*t, 0*t - 8 = -k - 3*t. Let y(x) = -x + 4. Determine y(k).
2
Let p(a) = 2*a - 6. Let r be p(-7). Let g = r - -17. Let z(v) = 2*v**2 + 19*v + 2. Let k(m) = -m**2 - 10*m - 1. Let d(b) = -11*k(b) - 6*z(b). Determine d(g).
2
Suppose 0*l + 3 = l. Let n(p) = -l + p**3 + 0*p**3 + 4. Suppose -3*t - 2*t - 5 = 0. Give n(t).
0
Suppose -4*k - 31 = -7. Let o(w) = -w + 6. Determine o(k).
12
Let q(b) be the third derivative of -b**5/60 + 7*b**4/24 - b**3/3 - b**2. What is q(5)?
8
Let v(r) = -r - 2. Let m(z) = z + 1. Let b(h) = 2*m(h) + v(h). Let j be ((-24)/28)/(3/(-14)). Suppose 3*u + j = -5. What is b(u)?
-3
Let y(x) = -4*x + 5*x - 1 + 2 - 3*x**2 + x**3. Let m be 26/8 - (-1)/(-4). Determine y(m).
4
Let q be 4*(2 + (2 - 3)). Suppose 3*g - q*g + 6 = 0. Let b(j) = j**2 - 5*j - 6. Determine b(g).
0
Let n(u) = 7*u**3 + 4*u**2 - 8*u - 2. Let c(q) = -2 + 0*q**2 - 6*q - 3*q + 8*q**3 + 4*q**2. Let m(r) = 6*c(r) - 7*n(r). Calculate m(-4).
-6
Let m(l) = -2*l**2 + 19*l + 7. Let c(o) = o**2 - 9*o - 4. Let f(q) = 9*c(q) + 4*m(q). Let w(v) = -v**3 + v**2 - v + 6. Let b be w(0). Calculate f(b).
-2
Let s(l) = 4*l - 3. Let u(q) = -3*q + 3*q - q - 1. Let k(h) = s(h) - 4*u(h). Give k(-1).
-7
Let z(q) = -q - 3. Let h be z(-6). Let l = h + -1. Let j(p) = -l*p**3 + 0*p + 3*p + 8 + p**2 + p**3 - 2*p. Calculate j(0).
8
Let d(x) = 4*x**2 - 36*x**2 - 3*x + 12*x**2 + 19*x**2 - 5. Let u = -4 + 6. Suppose -u*b - 8 = -0*b. Determine d(b).
-9
Let x(k) be the first derivative of -k**3/3 + 5*k**2/2 + 8*k + 2. Let b be x(6). Suppose t + t = b. Let w(v) = -6*v**3 + 2*v**2 - 1. Calculate w(t).
-5
Let i = 4 - 3. Let y(p) = p - 6*p**3 - p**2 + 13*p**3 + 3*p**3. Let u(b) = b. Let t(r) = u(r) - y(r). Calculate t(i).
-9
Let v(h) = -h - 6. Let s be ((-2)/(-5))/(11/(-165)). Give v(s).
0
Let f(u) = u**2 - 5*u. Let v = -17 + 23. Calculate f(v).
6
Let n(u) be the first derivative of u**2/2 + 9*u + 1. What is n(-7)?
2
Let u(s) = 14*s**2 - 6 + 12*s**2 - 27*s**2 + 6*s. Let v(a) = a**2 - 6*a + 5. Let z be v(6). Calculate u(z).
-1
Let t(g) be the second derivative of -3*g**2 + 5*g - 1/12*g**4 - g**3 + 0. What is t(-5)?
-1
Let v(d) be the first derivative of -d**4/8 - d**3/3 - 3*d**2/2 - 2. Let y(h) be the second derivative of v(h). Determine y(-2).
4
Let w(s) = -4*s**2 + 2*s + 10. Let y(m) = m**2 + m - 1. Let z(v) = 2*w(v) + 6*y(v). Let u be z(6). Let g(j) = 2*j**3 + 3*j - 3*j - 2*j - 2*j**2. Give g(u).
4
Let c(d) = -4*d**3 - d**2 - 3*d. Let g(h) = -5*h**3 - 4*h. Let z(x) = -4*c(x) + 3*g(x). Calculate z(-4).
0
Let j(h) = h**3 - h**2 + h + 7. Let t(c) = c**2 + 8*c + 7. Let y be t(-7). Determine j(y).
7
Let f(h) = -h**2 + 6*h - 1. Let o be f(6). Let q(k) = -8*k - 1. What is q(o)?
7
Let r(f) be the third derivative of -1/6*f**4 + 0 - 5/6*f**3 + 0*f - f**2 - 1/60*f**5. Give r(-5).
-10
Let t(b) = -b + 1. Let z(r) = -4*r + 1. Let d(p) = 2*t(p) - z(p). Let c be (-2)/(-4) - 2/(-4). Suppose -x - c = -3. Calculate d(x).
5
Let n(v) = -2*v**3 + 11*v**2 - 5*v + 7. Let a be n(5). Let z(c) = -c**3 + 8*c**2 - 7*c + 5. Give z(a).
5
Let n(r) = -3*r**2 + 6*r - 72 + 65 + 2*r**2. Calculate n(5).
-2
Let y(x) = -x. Let z(t) = t + 8. Let l(i) = 2*y(i) + z(i). Suppose o + p = -3*p + 8, -o + 5*p - 10 = 0. Determine l(o).
8
Let c(v) = 30 + v - 13 - 25. Calculate c(10).
2
Let u = -6 - 0. Let o be 3*6/(-27)*u. Let i(x) = x - 1. What is i(o)?
3
Let b(m) be the second derivative of m**5/20 - m**4/4 - m**3/6 - 3*m**2/2 + 6*m. What is b(3)?
-6
Let d(v) = v**2 + 5*v + 4. Suppose 0*y + y = 4*n + 23, 3*n + y + 19 = 0. What is d(n)?
10
Let u(w) = -2*w**3 + w - 3*w + 2 - w + w**3 - 4*w**2. Suppose 4*z = -5*o + z - 9, 14 = -2*o + 4*z. Calculate u(o).
2
Let j(b) = 12 - 2 - 3 - 2*b. Suppose -2*r + 32 = -4*x - 30, 37 = -4*x - 3*r. Let v = -7 - x. Give j(v).
-5
Let f(o) = 7*o - 1. Let c(t) = -2*t + 1. Let a(r) = -3*c(r) - f(r). Calculate a(-3).
1
Let z be (24/(-3))/(1*-1). Suppose -g + z = 3*g. Let m be 1/(g/(-4))*2. Let c(r) = r**3 + 4*r**2 + 2. Determine c(m).
2
Let d(m) be the first derivative of -m**2/2 + m + 12. Determine d(1).
0
Let z(o) = 3*o**2 + 0*o - o + 3 - 11*o - 4*o**2. Give z(-12).
3
Let l(p) = -6 + 884*p**2 + 1 - 889*p**2 + p**3. Give l(5).
-5
Let x(t) = -t**2 - 2*t + 1. Let l(a) = a**2 + 5*a - 3. Let s(y) = 2*l(y) + 5*x(y). Suppose 2*u - 1 = 3. What is s(u)?
-13
Let t be 0*(-2 - (-9)/3). Suppose t = -4*q + 7 + 1. Let k(v) = -3*v + 1. Calculate k(q).
-5
Let b(m) = 3 - 9*m - 14 + 0 - m**2 + 6. Determine b(-8).
3
Let d(c) = -3*c**2 - 9*c. Let j(l) = l**2 + 4*l. Let i(a) = -3*d(a) - 7*j(a). Let u be ((-12)/(-18))/(4/(-6)). What is i(u)?
3
Let s = 20 - 19. Let t(d) = -5*d + 1. Give t(s).
-4
Let g(a) = a**2 + 7*a + 5. Let h(m) = 4*m**2 + 28*m + 19. Let w(y) = -9*g(y) + 2*h(y). Give w(-6).
-1
Let j(b) = b**3 + 7*b**2 + 8*b + 11. Let y be j(-6). Let g(q) = 5*q - 1. What is g(y)?
-6
Let w(x) be the first derivative of -2*x**3/3 - x**2/2 + 2*x - 26. What is w(2)?
-8
Let k(b) be the second derivative of 7/6*b**3 + 0 + 1/2*b**2 + 3*b. What is k(1)?
8
Let k(l) be the third derivative of l**5/60 - l**4/12 - l**3/2 + 2*l**2. Let w(t) = t**2 + 5*t - 8. Let x be w(-6). Determine k(x).
5
Let v(a) = -2*a + 13. Let i(g) = g**3 + 3*g**2 + 2*g - 1. Let n be i(-3). Let z(l) = -l + 7. Let y(c) = n*z(c) + 4*v(c). Let f = 3 - 0. What is y(f)?
0
Let k(c) = c**2 + 2*c - 5. Let x(i) = 3*i - 5. Let u(b) = -3*k(b) + 2*x(b). Let a(r) be the first derivative of u(r). What is a(1)?
-6
Let x(f) = -f**3 + 7*f**2 + f - 4. Let s be x(7). Let q(y) = -3 - 3*y**2 - y**s - 3*y**2 + 2*y**2 - 3*y. Determ